e greatest common divisor of 32572 and 986.
34
What is the highest common divisor of 45700 and 300?
100
Calculate the highest common factor of 765962 and 123.
41
Calculate the highest common divisor of 306 and 86122.
34
Calculate the greatest common divisor of 3089337 and 69.
69
What is the highest common divisor of 968 and 1826?
22
Calculate the greatest common factor of 504 and 97524.
252
Calculate the greatest common factor of 1181389 and 211.
211
What is the highest common divisor of 545 and 1915?
5
Calculate the greatest common factor of 4923 and 547.
547
What is the highest common divisor of 409 and 99387?
409
Calculate the greatest common divisor of 145495 and 175.
35
What is the highest common divisor of 5536 and 947348?
692
Calculate the highest common factor of 1621668 and 24.
12
Calculate the highest common factor of 1781 and 2405.
13
Calculate the highest common divisor of 2 and 28128.
2
Calculate the greatest common divisor of 6670 and 3956.
46
What is the greatest common divisor of 18659 and 235?
47
What is the highest common factor of 84 and 10983?
21
What is the highest common factor of 37594 and 4?
2
Calculate the greatest common divisor of 1656 and 37512.
72
What is the highest common factor of 93 and 1949559?
93
Calculate the greatest common divisor of 362704 and 64.
16
Calculate the greatest common factor of 144 and 120294.
18
Calculate the greatest common factor of 5308 and 8.
4
Calculate the highest common divisor of 556 and 11592.
4
What is the highest common factor of 50594 and 1066?
82
Calculate the highest common divisor of 79 and 1264.
79
Calculate the greatest common divisor of 56125 and 125.
125
Calculate the highest common divisor of 63 and 10215.
9
Calculate the highest common divisor of 1457 and 611.
47
What is the greatest common divisor of 281880 and 174?
174
What is the highest common factor of 1352 and 13832?
104
Calculate the highest common factor of 3960 and 90585.
495
Calculate the highest common divisor of 540 and 5020.
20
Calculate the greatest common factor of 10057 and 5198.
113
What is the highest common factor of 9154 and 62606?
46
Calculate the greatest common divisor of 3 and 19395.
3
What is the greatest common factor of 7762 and 794?
2
Calculate the greatest common divisor of 2530 and 216821.
253
What is the greatest common factor of 5719462 and 14?
14
Calculate the greatest common factor of 3256580 and 40.
20
What is the highest common divisor of 351 and 571077?
351
Calculate the greatest common divisor of 4885 and 163159.
977
What is the greatest common divisor of 3223 and 88?
11
What is the highest common divisor of 32639 and 3683?
127
What is the greatest common divisor of 68 and 10778?
34
Calculate the highest common divisor of 2996 and 62167.
749
What is the highest common factor of 27 and 114102?
27
What is the greatest common divisor of 8272 and 87373?
517
Calculate the highest common divisor of 54 and 4338.
18
What is the greatest common divisor of 2009 and 173471?
41
Calculate the greatest common factor of 609 and 8845.
29
Calculate the highest common divisor of 684 and 71402.
38
What is the highest common factor of 53530 and 370?
10
Calculate the highest common divisor of 1463 and 2451.
19
What is the greatest common divisor of 144 and 21?
3
Calculate the greatest common divisor of 918 and 8154.
54
Calculate the highest common factor of 2535040 and 80.
80
Calculate the highest common divisor of 180 and 764298.
18
What is the greatest common factor of 82864 and 4912?
16
Calculate the highest common divisor of 252 and 1442.
14
What is the greatest common factor of 2232 and 28104?
24
What is the greatest common divisor of 920 and 162035?
115
What is the greatest common divisor of 53140 and 110?
10
Calculate the highest common factor of 1419 and 76497.
129
What is the highest common factor of 3228 and 369068?
1076
What is the greatest common factor of 3689 and 22041?
31
What is the greatest common factor of 182064 and 96?
48
Calculate the highest common factor of 2766 and 24.
6
What is the greatest common divisor of 7442 and 996?
2
What is the greatest common factor of 28 and 28742?
14
What is the highest common divisor of 174 and 186122?
58
Calculate the greatest common factor of 3126 and 210.
6
Calculate the highest common factor of 475 and 1045.
95
Calculate the highest common divisor of 1437534 and 2.
2
What is the greatest common factor of 484 and 1596892?
44
Calculate the highest common divisor of 1548 and 30732.
12
What is the greatest common factor of 12628 and 1672062?
574
Calculate the highest common divisor of 4302 and 4481250.
1434
Calculate the highest common divisor of 13 and 5213.
13
Calculate the highest common factor of 19552 and 338.
26
Calculate the highest common factor of 3185 and 4557.
49
Calculate the greatest common factor of 29456 and 5488.
112
What is the highest common divisor of 213 and 131279?
71
Calculate the highest common factor of 158499 and 396.
99
Calculate the highest common factor of 12504 and 288.
24
Calculate the highest common factor of 253075 and 106.
53
Calculate the greatest common factor of 945 and 28980.
315
What is the greatest common divisor of 23339 and 79?
1
Calculate the greatest common factor of 14877 and 6786.
261
Calculate the highest common divisor of 5908 and 27524.
28
Calculate the highest common divisor of 9303 and 28.
7
Calculate the greatest common divisor of 10296 and 4068.
36
What is the greatest common factor of 277238 and 26?
26
What is the highest common factor of 1013 and 3291237?
1013
Calculate the highest common factor of 84 and 2556384.
12
What is the highest common divisor of 1988364 and 420?
84
What is the greatest common factor of 64362 and 204?
102
Calculate the greatest common divisor of 6204 and 274164.
132
What is the greatest common divisor of 7774 and 15210?
338
Calculate the greatest common factor of 27 and 4024017.
9
What is the highest common divisor of 11850 and 900?
150
What is the highest common divisor of 29675 and 5?
5
What is the highest common divisor of 195783 and 21?
21
Calculate the highest common divisor of 703 and 1368.
19
What is the greatest common factor of 589 and 8933952?
589
Calculate the greatest common divisor of 44 and 61402.
22
What is the highest common divisor of 777734 and 142?
142
What is the greatest common divisor of 296460 and 108?
108
What is the highest common factor of 20440 and 308840?
280
What is the greatest common divisor of 70 and 15140?
10
Calculate the highest common divisor of 761162 and 506.
46
Calculate the greatest common divisor of 60 and 140190.
30
Calculate the highest common divisor of 2032 and 256.
16
Calculate the highest common divisor of 5372 and 4898.
158
Calculate the greatest common divisor of 24881 and 8055.
179
Calculate the greatest common divisor of 117693 and 81.
81
What is the greatest common factor of 3350 and 14150?
50
What is the highest common divisor of 541888 and 384?
64
Calculate the highest common factor of 52647 and 42.
21
What is the greatest common factor of 327387 and 366?
183
What is the greatest common factor of 2407 and 5561?
83
What is the greatest common divisor of 384 and 276480?
384
What is the highest common divisor of 44 and 39391?
11
What is the greatest common divisor of 34332 and 324?
12
What is the greatest common factor of 162600 and 150?
150
What is the greatest common factor of 101231 and 4394?
169
Calculate the highest common divisor of 1935 and 120357.
387
Calculate the greatest common factor of 96762 and 33.
3
Calculate the highest common divisor of 520 and 6680.
40
What is the highest common factor of 39 and 1749?
3
Calculate the greatest common divisor of 17937180 and 590.
590
Calculate the highest common divisor of 2192 and 26096.
16
What is the highest common divisor of 159 and 126246?
159
What is the greatest common divisor of 4978 and 38380?
38
What is the highest common factor of 27501 and 19491?
267
Calculate the highest common divisor of 428 and 59492.
428
What is the greatest common factor of 1332 and 2484?
36
Calculate the highest common factor of 138 and 4502181.
69
What is the greatest common divisor of 2095470 and 60?
30
Calculate the highest common factor of 10307 and 44.
11
Calculate the greatest com